d 6579?
153
What is the greatest common divisor of 1575 and 3600?
225
Calculate the highest common divisor of 465 and 2445.
15
Calculate the highest common factor of 21 and 566356.
7
What is the greatest common divisor of 621098 and 632?
158
Calculate the greatest common divisor of 188 and 163654.
94
What is the highest common divisor of 16380 and 345?
15
Calculate the greatest common factor of 1111567 and 17149.
1559
What is the highest common factor of 354 and 230985?
177
Calculate the greatest common factor of 336 and 816.
48
What is the greatest common divisor of 309 and 18025?
103
What is the greatest common divisor of 765 and 1236393?
153
What is the highest common divisor of 853375 and 100?
25
Calculate the greatest common divisor of 13305 and 120.
15
What is the highest common divisor of 483 and 996429?
483
Calculate the highest common divisor of 42 and 105882.
42
Calculate the greatest common factor of 8000 and 4320.
160
Calculate the highest common divisor of 51755 and 209.
11
Calculate the greatest common factor of 800 and 18930.
10
What is the highest common factor of 5226 and 858?
78
Calculate the greatest common divisor of 2474 and 1965593.
1237
Calculate the greatest common divisor of 1458 and 15714.
162
What is the greatest common divisor of 9 and 52317?
9
What is the highest common divisor of 135206 and 268?
134
Calculate the highest common factor of 24 and 1891752.
24
What is the greatest common divisor of 77 and 455?
7
What is the highest common divisor of 99 and 22143?
33
Calculate the greatest common factor of 11295 and 4545.
45
What is the greatest common factor of 288202 and 116?
58
Calculate the greatest common divisor of 32017 and 11729.
317
Calculate the highest common factor of 1395714 and 12.
6
Calculate the greatest common factor of 30 and 6445430.
10
Calculate the greatest common factor of 216 and 48168.
216
Calculate the highest common factor of 2296828 and 2264.
1132
What is the highest common factor of 139008 and 3072?
768
Calculate the highest common factor of 3373158 and 12.
6
What is the greatest common divisor of 35084 and 7?
7
Calculate the highest common divisor of 13301 and 149707.
283
What is the greatest common factor of 69 and 2352?
3
Calculate the highest common factor of 961311 and 1884.
471
What is the highest common factor of 385917 and 4692?
1173
What is the highest common divisor of 7200 and 1745760?
480
What is the greatest common divisor of 119515 and 220?
55
Calculate the greatest common divisor of 2194407 and 207.
207
What is the highest common divisor of 5397 and 3843?
21
Calculate the highest common divisor of 624 and 168000.
48
What is the highest common factor of 1205 and 4848920?
1205
What is the highest common factor of 84105 and 14?
7
Calculate the highest common factor of 150 and 43150.
50
What is the highest common divisor of 53390 and 13870?
190
What is the highest common factor of 9153 and 8249?
113
What is the greatest common divisor of 38750 and 33170?
310
Calculate the highest common factor of 57960 and 720.
360
Calculate the highest common divisor of 2299679 and 479.
479
Calculate the greatest common factor of 33 and 5901401.
11
Calculate the greatest common divisor of 567 and 4779.
81
What is the greatest common factor of 2640 and 31504?
176
Calculate the highest common divisor of 1177 and 9702011.
1177
Calculate the highest common divisor of 124 and 15004.
124
Calculate the greatest common divisor of 32193 and 294.
147
Calculate the greatest common divisor of 2415 and 3680.
115
What is the highest common divisor of 7851 and 33?
3
What is the greatest common divisor of 196625 and 121?
121
What is the highest common factor of 110818 and 57063?
827
Calculate the greatest common divisor of 159663 and 7.
7
What is the greatest common factor of 2646 and 594?
54
What is the highest common factor of 179814 and 92?
46
Calculate the greatest common factor of 377 and 8439.
29
Calculate the greatest common factor of 31 and 272893.
31
Calculate the greatest common factor of 555088 and 512.
16
Calculate the highest common divisor of 18 and 304224.
6
Calculate the greatest common divisor of 504 and 16776.
72
What is the greatest common divisor of 1388 and 3636560?
1388
Calculate the highest common divisor of 24 and 40088.
8
Calculate the greatest common factor of 7700 and 34342.
154
Calculate the greatest common factor of 38 and 765890.
38
Calculate the highest common factor of 972 and 84.
12
What is the greatest common factor of 3940 and 540?
20
What is the highest common factor of 446136 and 812?
116
What is the highest common factor of 1144 and 2204488?
1144
What is the highest common divisor of 56 and 220962?
14
Calculate the greatest common divisor of 14042 and 4.
2
What is the highest common factor of 19063 and 143?
11
What is the highest common divisor of 52 and 9763?
13
Calculate the greatest common factor of 1185 and 29230.
395
Calculate the highest common divisor of 2497 and 682.
11
Calculate the greatest common factor of 13779 and 105.
3
What is the greatest common factor of 50735 and 8760?
365
What is the highest common factor of 18 and 436140?
18
Calculate the greatest common factor of 9216 and 900.
36
Calculate the greatest common divisor of 23072 and 128.
32
Calculate the highest common factor of 901 and 4998.
17
What is the greatest common factor of 18 and 1356792?
6
What is the greatest common divisor of 2211 and 33969?
201
Calculate the greatest common divisor of 6404 and 64.
4
What is the greatest common divisor of 1440132 and 3?
3
Calculate the highest common divisor of 24 and 8177808.
24
Calculate the greatest common divisor of 201 and 142308.
201
What is the highest common divisor of 642240 and 30?
30
Calculate the greatest common factor of 77028 and 1323.
147
What is the greatest common divisor of 6847 and 2747?
41
What is the greatest common factor of 562194 and 162?
54
Calculate the highest common factor of 315 and 8325.
45
Calculate the greatest common divisor of 18387 and 1620.
81
What is the highest common factor of 10287 and 1524?
381
What is the highest common factor of 111 and 2573461?
37
Calculate the greatest common divisor of 63792 and 192.
48
What is the highest common factor of 16320 and 510?
510
Calculate the highest common factor of 5 and 276110.
5
What is the highest common divisor of 256 and 1052?
4
What is the greatest common factor of 25488 and 1584?
144
Calculate the greatest common factor of 817 and 893.
19
Calculate the greatest common divisor of 849615 and 195.
195
Calculate the greatest common factor of 2240 and 645.
5
Calculate the greatest common divisor of 82 and 3378.
2
What is the highest common factor of 14 and 71428?
14
What is the greatest common factor of 598 and 216775?
299
Calculate the greatest common divisor of 263 and 453149.
263
What is the greatest common divisor of 1900 and 180300?
100
What is the greatest common divisor of 169461 and 171?
171
Calculate the highest common divisor of 12349 and 583.
53
What is the greatest common factor of 321 and 5829146?
107
Calculate the greatest common factor of 59 and 5723.
59
Calculate the greatest common divisor of 760 and 16340.
380
Calculate the greatest common divisor of 37 and 1212823.
37
Calculate the greatest common divisor of 100 and 224.
4
What is the greatest common factor of 714115 and 95?
95
What is the highest common factor of 45 and 120?
15
What is the highest common factor of 112956 and 636?
12
What is the greatest common divisor of 1842 and 42?
6
Calculate the highest common divisor of 271594 and 2290.
458
Calculate the highest common divisor of 168 and 90510.
42
What is the greatest common factor of 7 and 42637?
7
Calculate the highest common factor of 4 and 8864.
4
What is the highest common divisor of 19738 and 62338?
142
What is the greatest common factor of 49 and 64043?
49
What is the highest common factor of 315368 and 632?
632
What is the greatest common factor of 28375 and 125?
125
Calculate the highest common divisor of 21746 and 415.
83
Calculate the greatest common factor of 14855 and 9.
1
What is the highest common factor of 4 and 304292?
4
What is the highest common factor of 36803 and 1026?
19
What is the highest common factor of 16185169 and 133?
133
Ca